{"id":21696,"date":"2024-07-30T13:07:51","date_gmt":"2024-07-30T11:07:51","guid":{"rendered":"https:\/\/www.serix.com.pl\/?page_id=21696"},"modified":"2024-07-30T13:26:16","modified_gmt":"2024-07-30T11:26:16","slug":"job-offers","status":"publish","type":"page","link":"https:\/\/www.serix.com.pl\/index.php\/en\/home-page\/job-offers\/","title":{"rendered":"Job Offers"},"content":{"rendered":"\t\t<div data-elementor-type=\"wp-page\" data-elementor-id=\"21696\" class=\"elementor elementor-21696\" data-elementor-post-type=\"page\">\n\t\t\t\t<div class=\"elementor-element elementor-element-5a8b259e e-flex e-con-boxed parallax_section_no qode_elementor_container_no e-con e-parent\" data-id=\"5a8b259e\" data-element_type=\"container\">\n\t\t\t\t\t<div class=\"e-con-inner\">\n\t\t\t\t<div class=\"elementor-element elementor-element-c583310 elementor-widget elementor-widget-heading\" data-id=\"c583310\" data-element_type=\"widget\" data-widget_type=\"heading.default\">\n\t\t\t\t<div class=\"elementor-widget-container\">\n\t\t\t<style>\/*! elementor - v3.23.0 - 15-07-2024 *\/\n.elementor-heading-title{padding:0;margin:0;line-height:1}.elementor-widget-heading .elementor-heading-title[class*=elementor-size-]>a{color:inherit;font-size:inherit;line-height:inherit}.elementor-widget-heading .elementor-heading-title.elementor-size-small{font-size:15px}.elementor-widget-heading .elementor-heading-title.elementor-size-medium{font-size:19px}.elementor-widget-heading .elementor-heading-title.elementor-size-large{font-size:29px}.elementor-widget-heading .elementor-heading-title.elementor-size-xl{font-size:39px}.elementor-widget-heading .elementor-heading-title.elementor-size-xxl{font-size:59px}<\/style><h2 class=\"elementor-heading-title elementor-size-default\">Current job offers<\/h2>\t\t<\/div>\n\t\t\t\t<\/div>\n\t\t\t\t\t<\/div>\n\t\t\t\t<\/div>\n\t\t\t\t<section class=\"elementor-section elementor-top-section elementor-element elementor-element-5ff248b8 qode_elementor_container_inner elementor-section-boxed elementor-section-height-default elementor-section-height-default parallax_section_no\" data-id=\"5ff248b8\" data-element_type=\"section\" data-settings=\"{&quot;background_background&quot;:&quot;classic&quot;}\">\n\t\t\t\t\t\t<div class=\"elementor-container elementor-column-gap-default\">\n\t\t\t\t\t<div class=\"elementor-column elementor-col-33 elementor-top-column elementor-element elementor-element-5e529aed\" data-id=\"5e529aed\" data-element_type=\"column\">\n\t\t\t<div class=\"elementor-widget-wrap elementor-element-populated\">\n\t\t\t\t\t\t<div class=\"elementor-element elementor-element-377e0810 elementor-widget elementor-widget-bridge_image_with_text_over\" data-id=\"377e0810\" data-element_type=\"widget\" data-widget_type=\"bridge_image_with_text_over.default\">\n\t\t\t\t<div class=\"elementor-widget-container\">\n\t\t\t<div class=\"q_image_with_text_over\"><div class=\"shader\" ><\/div><img decoding=\"async\" itemprop=\"image\" src=\"https:\/\/www.serix.com.pl\/wp-content\/uploads\/2024\/05\/DSC_5502-scaled.jpg\" alt=\"\" \/><div class=\"text\"><table><tr><td><i class=\"qode_icon_font_awesome_5 fa5 fa fa-magnifying-glass-dollar icon_holder fa-3x\" style=\"\" ><\/i><h3 class=\"caption \" style=\"\">Elektryk UTR<\/h3><\/td><\/tr><\/table><table><tr><td><div class=\"desc\"><p><a  itemprop=\"url\" href=\"https:\/\/www.serix.com.pl\/index.php\/home-7\/oferty-pracy\/elektryk-utr\/\" target=\"_self\" data-hover-border-color='#1abc9c'  class=\"qbutton  default\" style=\"color: #ffffff; border-color: #ffffff; \">CZYTAJ WI\u0118CEJ<\/a><\/p><\/div><\/td><\/tr><\/table><\/div><\/div>\t\t<\/div>\n\t\t\t\t<\/div>\n\t\t\t\t\t<\/div>\n\t\t<\/div>\n\t\t\t\t<div class=\"elementor-column elementor-col-33 elementor-top-column elementor-element elementor-element-1f83b6b\" data-id=\"1f83b6b\" data-element_type=\"column\">\n\t\t\t<div class=\"elementor-widget-wrap elementor-element-populated\">\n\t\t\t\t\t\t<div class=\"elementor-element elementor-element-b22311d elementor-widget elementor-widget-bridge_image_with_text_over\" data-id=\"b22311d\" data-element_type=\"widget\" data-widget_type=\"bridge_image_with_text_over.default\">\n\t\t\t\t<div class=\"elementor-widget-container\">\n\t\t\t<div class=\"q_image_with_text_over\"><div class=\"shader\" ><\/div><img decoding=\"async\" itemprop=\"image\" src=\"https:\/\/www.serix.com.pl\/wp-content\/uploads\/2024\/05\/DSC_5502-scaled.jpg\" alt=\"\" \/><div class=\"text\"><table><tr><td><i class=\"qode_icon_font_awesome_5 fa5 fa fa-magnifying-glass-dollar icon_holder fa-3x\" style=\"\" ><\/i><h3 class=\"caption \" style=\"\">Kierownik WPTS<\/h3><\/td><\/tr><\/table><table><tr><td><div class=\"desc\"><p><a  itemprop=\"url\" href=\"https:\/\/www.serix.com.pl\/index.php\/home-7\/oferty-pracy\/kierownik-wpts\/\" target=\"_self\" data-hover-border-color='#1abc9c'  class=\"qbutton  default\" style=\"color: #ffffff; border-color: #ffffff; \">CZYTAJ WI\u0118CEJ<\/a><\/p><\/div><\/td><\/tr><\/table><\/div><\/div>\t\t<\/div>\n\t\t\t\t<\/div>\n\t\t\t\t\t<\/div>\n\t\t<\/div>\n\t\t\t\t<div class=\"elementor-column elementor-col-33 elementor-top-column elementor-element elementor-element-401d4f0\" data-id=\"401d4f0\" data-element_type=\"column\">\n\t\t\t<div class=\"elementor-widget-wrap elementor-element-populated\">\n\t\t\t\t\t\t<div class=\"elementor-element elementor-element-a3ee0f2 elementor-widget elementor-widget-bridge_image_with_text_over\" data-id=\"a3ee0f2\" data-element_type=\"widget\" data-widget_type=\"bridge_image_with_text_over.default\">\n\t\t\t\t<div class=\"elementor-widget-container\">\n\t\t\t<div class=\"q_image_with_text_over\"><div class=\"shader\" ><\/div><img decoding=\"async\" itemprop=\"image\" src=\"https:\/\/www.serix.com.pl\/wp-content\/uploads\/2024\/05\/DSC_5502-scaled.jpg\" alt=\"\" \/><div class=\"text\"><table><tr><td><i class=\"qode_icon_font_awesome_5 fa5 fa fa-magnifying-glass-dollar icon_holder fa-3x\" style=\"\" ><\/i><h3 class=\"caption \" style=\"\">Mechanik UTR<\/h3><\/td><\/tr><\/table><table><tr><td><div class=\"desc\"><p><a  itemprop=\"url\" href=\"https:\/\/www.serix.com.pl\/index.php\/home-7\/oferty-pracy\/mechanik-utr\/\" target=\"_self\" data-hover-border-color='#1abc9c'  class=\"qbutton  default\" style=\"color: #ffffff; border-color: #ffffff; \">CZYTAJ WI\u0118CEJ<\/a><\/p><\/div><\/td><\/tr><\/table><\/div><\/div>\t\t<\/div>\n\t\t\t\t<\/div>\n\t\t\t\t\t<\/div>\n\t\t<\/div>\n\t\t\t\t\t<\/div>\n\t\t<\/section>\n\t\t\t\t<section class=\"elementor-section elementor-top-section elementor-element elementor-element-fbcd568 qode_elementor_container_inner elementor-section-boxed elementor-section-height-default elementor-section-height-default parallax_section_no\" data-id=\"fbcd568\" data-element_type=\"section\" data-settings=\"{&quot;background_background&quot;:&quot;classic&quot;}\">\n\t\t\t\t\t\t<div class=\"elementor-container elementor-column-gap-default\">\n\t\t\t\t\t<div class=\"elementor-column elementor-col-33 elementor-top-column elementor-element elementor-element-50f7f76\" data-id=\"50f7f76\" data-element_type=\"column\">\n\t\t\t<div class=\"elementor-widget-wrap elementor-element-populated\">\n\t\t\t\t\t\t<div class=\"elementor-element elementor-element-3ecb1f2 elementor-widget elementor-widget-bridge_image_with_text_over\" data-id=\"3ecb1f2\" data-element_type=\"widget\" data-widget_type=\"bridge_image_with_text_over.default\">\n\t\t\t\t<div class=\"elementor-widget-container\">\n\t\t\t<div class=\"q_image_with_text_over\"><div class=\"shader\" ><\/div><img decoding=\"async\" itemprop=\"image\" src=\"https:\/\/www.serix.com.pl\/wp-content\/uploads\/2024\/05\/DSC_5502-scaled.jpg\" alt=\"\" \/><div class=\"text\"><table><tr><td><i class=\"qode_icon_font_awesome_5 fa5 fa fa-magnifying-glass-dollar icon_holder fa-3x\" style=\"\" ><\/i><h3 class=\"caption \" style=\"\">OPERATOR\/OPERATORKA WTRYSKARKI<\/h3><\/td><\/tr><\/table><table><tr><td><div class=\"desc\"><p><a  itemprop=\"url\" href=\"https:\/\/www.serix.com.pl\/index.php\/home-7\/oferty-pracy\/operator-operatorka-wtryskarki\/\" target=\"_self\" data-hover-border-color='#1abc9c'  class=\"qbutton  default\" style=\"color: #ffffff; border-color: #ffffff; \">CZYTAJ WI\u0118CEJ<\/a><\/p><\/div><\/td><\/tr><\/table><\/div><\/div>\t\t<\/div>\n\t\t\t\t<\/div>\n\t\t\t\t\t<\/div>\n\t\t<\/div>\n\t\t\t\t<div class=\"elementor-column elementor-col-33 elementor-top-column elementor-element elementor-element-e7590b1\" data-id=\"e7590b1\" data-element_type=\"column\">\n\t\t\t<div class=\"elementor-widget-wrap elementor-element-populated\">\n\t\t\t\t\t\t<div class=\"elementor-element elementor-element-b0bd14d elementor-widget elementor-widget-bridge_image_with_text_over\" data-id=\"b0bd14d\" data-element_type=\"widget\" data-widget_type=\"bridge_image_with_text_over.default\">\n\t\t\t\t<div class=\"elementor-widget-container\">\n\t\t\t<div class=\"q_image_with_text_over\"><div class=\"shader\" ><\/div><img decoding=\"async\" itemprop=\"image\" src=\"https:\/\/www.serix.com.pl\/wp-content\/uploads\/2024\/05\/DSC_5502-scaled.jpg\" alt=\"\" \/><div class=\"text\"><table><tr><td><i class=\"qode_icon_font_awesome_5 fa5 fa fa-magnifying-glass-dollar icon_holder fa-3x\" style=\"\" ><\/i><h3 class=\"caption \" style=\"\">POMOCNIK USTAWIACZA WTRYSKARKI<\/h3><\/td><\/tr><\/table><table><tr><td><div class=\"desc\"><p><a  itemprop=\"url\" href=\"https:\/\/www.serix.com.pl\/index.php\/home-7\/oferty-pracy\/pomocnik-ustawiacza-wtryskarki\/\" target=\"_self\" data-hover-border-color='#1abc9c'  class=\"qbutton  default\" style=\"color: #ffffff; border-color: #ffffff; \">CZYTAJ WI\u0118CEJ<\/a><\/p><\/div><\/td><\/tr><\/table><\/div><\/div>\t\t<\/div>\n\t\t\t\t<\/div>\n\t\t\t\t\t<\/div>\n\t\t<\/div>\n\t\t\t\t<div class=\"elementor-column elementor-col-33 elementor-top-column elementor-element elementor-element-eea6a97\" data-id=\"eea6a97\" data-element_type=\"column\">\n\t\t\t<div class=\"elementor-widget-wrap elementor-element-populated\">\n\t\t\t\t\t\t<div class=\"elementor-element elementor-element-eed2d36 elementor-widget elementor-widget-bridge_image_with_text_over\" data-id=\"eed2d36\" data-element_type=\"widget\" data-widget_type=\"bridge_image_with_text_over.default\">\n\t\t\t\t<div class=\"elementor-widget-container\">\n\t\t\t<div class=\"q_image_with_text_over\"><div class=\"shader\" ><\/div><img decoding=\"async\" itemprop=\"image\" src=\"https:\/\/www.serix.com.pl\/wp-content\/uploads\/2024\/05\/DSC_5502-scaled.jpg\" alt=\"\" \/><div class=\"text\"><table><tr><td><i class=\"qode_icon_font_awesome_5 fa5 fa fa-magnifying-glass-dollar icon_holder fa-3x\" style=\"\" ><\/i><h3 class=\"caption \" style=\"\">\u015aLUSARZ NARZ\u0118DZIOWY<\/h3><\/td><\/tr><\/table><table><tr><td><div class=\"desc\"><p><a  itemprop=\"url\" href=\"https:\/\/www.serix.com.pl\/index.php\/home-7\/oferty-pracy\/slusarz-narzedziowy\/\" target=\"_self\" data-hover-border-color='#1abc9c'  class=\"qbutton  default\" style=\"color: #ffffff; border-color: #ffffff; \">CZYTAJ WI\u0118CEJ<\/a><\/p><\/div><\/td><\/tr><\/table><\/div><\/div>\t\t<\/div>\n\t\t\t\t<\/div>\n\t\t\t\t\t<\/div>\n\t\t<\/div>\n\t\t\t\t\t<\/div>\n\t\t<\/section>\n\t\t\t\t<section class=\"elementor-section elementor-top-section elementor-element elementor-element-16971a0 qode_elementor_container_inner elementor-section-boxed elementor-section-height-default elementor-section-height-default parallax_section_no\" data-id=\"16971a0\" data-element_type=\"section\" data-settings=\"{&quot;background_background&quot;:&quot;classic&quot;}\">\n\t\t\t\t\t\t<div class=\"elementor-container elementor-column-gap-default\">\n\t\t\t\t\t<div class=\"elementor-column elementor-col-33 elementor-top-column elementor-element elementor-element-2f8feb2\" data-id=\"2f8feb2\" data-element_type=\"column\">\n\t\t\t<div class=\"elementor-widget-wrap elementor-element-populated\">\n\t\t\t\t\t\t<div class=\"elementor-element elementor-element-f2dcbd9 elementor-widget elementor-widget-bridge_image_with_text_over\" data-id=\"f2dcbd9\" data-element_type=\"widget\" data-widget_type=\"bridge_image_with_text_over.default\">\n\t\t\t\t<div class=\"elementor-widget-container\">\n\t\t\t<div class=\"q_image_with_text_over\"><div class=\"shader\" ><\/div><img decoding=\"async\" itemprop=\"image\" src=\"https:\/\/www.serix.com.pl\/wp-content\/uploads\/2024\/05\/DSC_5502-scaled.jpg\" alt=\"\" \/><div class=\"text\"><table><tr><td><i class=\"qode_icon_font_awesome_5 fa5 fa fa-magnifying-glass-dollar icon_holder fa-3x\" style=\"\" ><\/i><h3 class=\"caption \" style=\"\">TECHNIK FORM<\/h3><\/td><\/tr><\/table><table><tr><td><div class=\"desc\"><p><a  itemprop=\"url\" href=\"https:\/\/www.serix.com.pl\/index.php\/home-7\/oferty-pracy\/technik-form\/\" target=\"_self\" data-hover-border-color='#1abc9c'  class=\"qbutton  default\" style=\"color: #ffffff; border-color: #ffffff; \">CZYTAJ WI\u0118CEJ<\/a><\/p><\/div><\/td><\/tr><\/table><\/div><\/div>\t\t<\/div>\n\t\t\t\t<\/div>\n\t\t\t\t\t<\/div>\n\t\t<\/div>\n\t\t\t\t<div class=\"elementor-column elementor-col-33 elementor-top-column elementor-element elementor-element-0bde5ba\" data-id=\"0bde5ba\" data-element_type=\"column\">\n\t\t\t<div class=\"elementor-widget-wrap elementor-element-populated\">\n\t\t\t\t\t\t<div class=\"elementor-element elementor-element-e4460c3 elementor-widget elementor-widget-bridge_image_with_text_over\" data-id=\"e4460c3\" data-element_type=\"widget\" data-widget_type=\"bridge_image_with_text_over.default\">\n\t\t\t\t<div class=\"elementor-widget-container\">\n\t\t\t<div class=\"q_image_with_text_over\"><div class=\"shader\" ><\/div><img decoding=\"async\" itemprop=\"image\" src=\"https:\/\/www.serix.com.pl\/wp-content\/uploads\/2024\/05\/DSC_5502-scaled.jpg\" alt=\"\" \/><div class=\"text\"><table><tr><td><i class=\"qode_icon_font_awesome_5 fa5 fa fa-magnifying-glass-dollar icon_holder fa-3x\" style=\"\" ><\/i><h3 class=\"caption \" style=\"\">TECHNOLOG<\/h3><\/td><\/tr><\/table><table><tr><td><div class=\"desc\"><p><a  itemprop=\"url\" href=\"https:\/\/www.serix.com.pl\/index.php\/home-7\/oferty-pracy\/technolog\/\" target=\"_self\" data-hover-border-color='#1abc9c'  class=\"qbutton  default\" style=\"color: #ffffff; border-color: #ffffff; \">CZYTAJ WI\u0118CEJ<\/a><\/p><\/div><\/td><\/tr><\/table><\/div><\/div>\t\t<\/div>\n\t\t\t\t<\/div>\n\t\t\t\t\t<\/div>\n\t\t<\/div>\n\t\t\t\t<div class=\"elementor-column elementor-col-33 elementor-top-column elementor-element elementor-element-cc55cc4\" data-id=\"cc55cc4\" data-element_type=\"column\">\n\t\t\t<div class=\"elementor-widget-wrap elementor-element-populated\">\n\t\t\t\t\t\t<div class=\"elementor-element elementor-element-617c069 elementor-widget elementor-widget-bridge_image_with_text_over\" data-id=\"617c069\" data-element_type=\"widget\" data-widget_type=\"bridge_image_with_text_over.default\">\n\t\t\t\t<div class=\"elementor-widget-container\">\n\t\t\t<div class=\"q_image_with_text_over\"><div class=\"shader\" ><\/div><img decoding=\"async\" itemprop=\"image\" src=\"https:\/\/www.serix.com.pl\/wp-content\/uploads\/2024\/05\/DSC_5502-scaled.jpg\" alt=\"\" \/><div class=\"text\"><table><tr><td><i class=\"qode_icon_font_awesome_5 fa5 fa fa-magnifying-glass-dollar icon_holder fa-3x\" style=\"\" ><\/i><h3 class=\"caption \" style=\"\">USTAWIACZ WTRYSKAREK<\/h3><\/td><\/tr><\/table><table><tr><td><div class=\"desc\"><p><a  itemprop=\"url\" href=\"https:\/\/www.serix.com.pl\/index.php\/home-7\/oferty-pracy\/ustawiacz-wtryskarek\/\" target=\"_self\" data-hover-border-color='#1abc9c'  class=\"qbutton  default\" style=\"color: #ffffff; border-color: #ffffff; \">CZYTAJ WI\u0118CEJ<\/a><\/p><\/div><\/td><\/tr><\/table><\/div><\/div>\t\t<\/div>\n\t\t\t\t<\/div>\n\t\t\t\t\t<\/div>\n\t\t<\/div>\n\t\t\t\t\t<\/div>\n\t\t<\/section>\n\t\t\t\t<section class=\"elementor-section elementor-top-section elementor-element elementor-element-6d7a7e3 qode_elementor_container_inner elementor-section-boxed elementor-section-height-default elementor-section-height-default parallax_section_no\" data-id=\"6d7a7e3\" data-element_type=\"section\" data-settings=\"{&quot;background_background&quot;:&quot;classic&quot;}\">\n\t\t\t\t\t\t<div class=\"elementor-container elementor-column-gap-default\">\n\t\t\t\t\t<div class=\"elementor-column elementor-col-33 elementor-top-column elementor-element elementor-element-383a819\" data-id=\"383a819\" data-element_type=\"column\">\n\t\t\t<div class=\"elementor-widget-wrap elementor-element-populated\">\n\t\t\t\t\t\t<div class=\"elementor-element elementor-element-f538134 elementor-widget elementor-widget-bridge_image_with_text_over\" data-id=\"f538134\" data-element_type=\"widget\" data-widget_type=\"bridge_image_with_text_over.default\">\n\t\t\t\t<div class=\"elementor-widget-container\">\n\t\t\t<div class=\"q_image_with_text_over\"><div class=\"shader\" ><\/div><img decoding=\"async\" itemprop=\"image\" src=\"https:\/\/www.serix.com.pl\/wp-content\/uploads\/2024\/05\/DSC_5502-scaled.jpg\" alt=\"\" \/><div class=\"text\"><table><tr><td><i class=\"qode_icon_font_awesome_5 fa5 fa fa-magnifying-glass-dollar icon_holder fa-3x\" style=\"\" ><\/i><h3 class=\"caption \" style=\"\">KIEROWNIK ZMIANY<\/h3><\/td><\/tr><\/table><table><tr><td><div class=\"desc\"><p><a  itemprop=\"url\" href=\"https:\/\/www.serix.com.pl\/index.php\/home-7\/oferty-pracy\/kierownik-zmiany\/\" target=\"_self\" data-hover-border-color='#1abc9c'  class=\"qbutton  default\" style=\"color: #ffffff; border-color: #ffffff; \">CZYTAJ WI\u0118CEJ<\/a><\/p><\/div><\/td><\/tr><\/table><\/div><\/div>\t\t<\/div>\n\t\t\t\t<\/div>\n\t\t\t\t\t<\/div>\n\t\t<\/div>\n\t\t\t\t<div class=\"elementor-column elementor-col-33 elementor-top-column elementor-element elementor-element-e9a5d64\" data-id=\"e9a5d64\" data-element_type=\"column\">\n\t\t\t<div class=\"elementor-widget-wrap\">\n\t\t\t\t\t\t\t<\/div>\n\t\t<\/div>\n\t\t\t\t<div class=\"elementor-column elementor-col-33 elementor-top-column elementor-element elementor-element-baae2a0\" data-id=\"baae2a0\" data-element_type=\"column\">\n\t\t\t<div class=\"elementor-widget-wrap\">\n\t\t\t\t\t\t\t<\/div>\n\t\t<\/div>\n\t\t\t\t\t<\/div>\n\t\t<\/section>\n\t\t<div class=\"elementor-element elementor-element-b5d63d7 e-flex e-con-boxed parallax_section_no qode_elementor_container_no e-con e-parent\" data-id=\"b5d63d7\" data-element_type=\"container\" data-settings=\"{&quot;background_background&quot;:&quot;classic&quot;}\">\n\t\t\t\t\t<div class=\"e-con-inner\">\n\t\t\t\t<div class=\"elementor-element elementor-element-a973dce elementor-widget elementor-widget-heading\" data-id=\"a973dce\" data-element_type=\"widget\" data-widget_type=\"heading.default\">\n\t\t\t\t<div class=\"elementor-widget-container\">\n\t\t\t<h2 class=\"elementor-heading-title elementor-size-default\">SPONTANEOUS CAREER<\/h2>\t\t<\/div>\n\t\t\t\t<\/div>\n\t\t\t\t<div class=\"elementor-element elementor-element-b28903e elementor-widget elementor-widget-text-editor\" data-id=\"b28903e\" data-element_type=\"widget\" data-widget_type=\"text-editor.default\">\n\t\t\t\t<div class=\"elementor-widget-container\">\n\t\t\t<style>\/*! elementor - v3.23.0 - 15-07-2024 *\/\n.elementor-widget-text-editor.elementor-drop-cap-view-stacked .elementor-drop-cap{background-color:#69727d;color:#fff}.elementor-widget-text-editor.elementor-drop-cap-view-framed .elementor-drop-cap{color:#69727d;border:3px solid;background-color:transparent}.elementor-widget-text-editor:not(.elementor-drop-cap-view-default) .elementor-drop-cap{margin-top:8px}.elementor-widget-text-editor:not(.elementor-drop-cap-view-default) .elementor-drop-cap-letter{width:1em;height:1em}.elementor-widget-text-editor .elementor-drop-cap{float:left;text-align:center;line-height:1;font-size:50px}.elementor-widget-text-editor .elementor-drop-cap-letter{display:inline-block}<\/style>\t\t\t\t<p>If you don&#8217;t see an offer for yourself here, but would like to be part of our team, don&#8217;t wait! Just send us your CV. Every application is important to us, regardless of experience. Maybe you will be our perfect candidate! Join us and see what the future holds.<\/p>\t\t\t\t\t\t<\/div>\n\t\t\t\t<\/div>\n\t\t\t\t<div class=\"elementor-element elementor-element-2dea2e0 elementor-widget elementor-widget-bridge_button\" data-id=\"2dea2e0\" data-element_type=\"widget\" data-widget_type=\"bridge_button.default\">\n\t\t\t\t<div class=\"elementor-widget-container\">\n\t\t\t<a  itemprop=\"url\" href=\"https:\/\/www.serix.com.pl\/index.php\/home-7\/oferty-pracy\/formularz-cv\/\" target=\"_self\" data-hover-background-color='#ffffff' data-hover-border-color='#1abc9c' data-hover-color='#1abc9c' class=\"qbutton  large default\" style=\"color: #ffffff; border-color: #1abc9c; background-color: #1abc9c;\">Submit Your Application<\/a>\t\t<\/div>\n\t\t\t\t<\/div>\n\t\t\t\t\t<\/div>\n\t\t\t\t<\/div>\n\t\t\t\t<\/div>\n\t\t","protected":false},"excerpt":{"rendered":"<p>Current job offers Elektryk UTR CZYTAJ WI\u0118CEJ Kierownik WPTS CZYTAJ WI\u0118CEJ Mechanik UTR CZYTAJ WI\u0118CEJ OPERATOR\/OPERATORKA WTRYSKARKI CZYTAJ WI\u0118CEJ POMOCNIK USTAWIACZA WTRYSKARKI CZYTAJ WI\u0118CEJ \u015aLUSARZ NARZ\u0118DZIOWY CZYTAJ WI\u0118CEJ TECHNIK FORM CZYTAJ WI\u0118CEJ TECHNOLOG CZYTAJ WI\u0118CEJ USTAWIACZ WTRYSKAREK CZYTAJ WI\u0118CEJ KIEROWNIK ZMIANY CZYTAJ WI\u0118CEJ SPONTANEOUS CAREER&#8230;<\/p>\n","protected":false},"author":1,"featured_media":0,"parent":21626,"menu_order":0,"comment_status":"closed","ping_status":"closed","template":"full_width.php","meta":{"content-type":"","footnotes":""},"class_list":["post-21696","page","type-page","status-publish","hentry"],"_links":{"self":[{"href":"https:\/\/www.serix.com.pl\/index.php\/wp-json\/wp\/v2\/pages\/21696","targetHints":{"allow":["GET"]}}],"collection":[{"href":"https:\/\/www.serix.com.pl\/index.php\/wp-json\/wp\/v2\/pages"}],"about":[{"href":"https:\/\/www.serix.com.pl\/index.php\/wp-json\/wp\/v2\/types\/page"}],"author":[{"embeddable":true,"href":"https:\/\/www.serix.com.pl\/index.php\/wp-json\/wp\/v2\/users\/1"}],"replies":[{"embeddable":true,"href":"https:\/\/www.serix.com.pl\/index.php\/wp-json\/wp\/v2\/comments?post=21696"}],"version-history":[{"count":10,"href":"https:\/\/www.serix.com.pl\/index.php\/wp-json\/wp\/v2\/pages\/21696\/revisions"}],"predecessor-version":[{"id":21719,"href":"https:\/\/www.serix.com.pl\/index.php\/wp-json\/wp\/v2\/pages\/21696\/revisions\/21719"}],"up":[{"embeddable":true,"href":"https:\/\/www.serix.com.pl\/index.php\/wp-json\/wp\/v2\/pages\/21626"}],"wp:attachment":[{"href":"https:\/\/www.serix.com.pl\/index.php\/wp-json\/wp\/v2\/media?parent=21696"}],"curies":[{"name":"wp","href":"https:\/\/api.w.org\/{rel}","templated":true}]}}